1 + 8 - (-5 + 2). Suppose 0 = -3*z + 2*z - 5*v - 25, -33 = 5*z + 2*v. Let i = n - z. List the prime factors of i.
3, 5
Let w = 79 + 128. What are the prime factors of w?
3, 23
Suppose r = 6*r. Suppose 2*j - j = r. Suppose j = -u + 4*s - 6, 0 = 2*u - 0*s + s - 24. List the prime factors of u.
2, 5
Let b be 37/(-2) - 3/(-2). Let m = b - -24. What are the prime factors of m?
7
List the prime factors of 84/8 + 2/4.
11
Suppose -32 = f - 5*f. Suppose -33 + f = -5*b. What are the prime factors of ((-10)/(-8))/(b/40)?
2, 5
Let k(r) = r + 73. Let z be k(0). Let c = 111 - z. List the prime factors of c.
2, 19
Suppose -80 = -3*g + 67. What are the prime factors of g?
7
List the prime factors of 397/5 - (5 - (-138)/(-30)).
79
Let h(s) = 5*s**3 - s. What are the prime factors of h(2)?
2, 19
Suppose 159 = y - 6. Suppose 3*z - y = -2*z. List the prime factors of z.
3, 11
Suppose -5*y - 27 = 3*m, y = 2*m - y + 2. List the prime factors of 6/(-12) - 38/m.
3
Suppose -3*u = f - 734, -3*u + 3*f + 704 = -2*f. List the prime factors of u.
3
Let u(v) = v**2 - 1. Let h(n) = 3*n**2 - 3. Let g(z) = 3*h(z) - 7*u(z). Let i be g(4). Let l = i + -11. List the prime factors of l.
19
Let r be (-2)/(-8) - (-310)/8. Let j be (-2)/6 - r/(-9). Suppose -h - j*s + 9 = 0, 5 = 5*h - 3*s - 17. List the prime factors of h.
5
Let x be 1 - 2 - -2 - 0. Let o(r) = 28*r - 1. Let k be o(x). List the prime factors of 30/k*-3*-3.
2, 5
Let k(n) = n**2 - 5*n - 7. List the prime factors of k(7).
7
Let z(w) = -5*w**2 - w - 1. Let g be z(2). Let o = g + 29. List the prime factors of o.
2, 3
Let r be (-26)/(-6) + (-6)/(-9). Let v(s) = -s**2 + 6*s - 6. Let w be v(r). List the prime factors of (-17)/w - (3 + -3).
17
Let d(f) = f**3 - 11*f**2 + 13*f + 9. List the prime factors of d(10).
3, 13
Let m be (-3327)/(-7) + (-2)/7. Suppose -6*y = -y - m. Suppose -3*l = 4*f - y, f = -2*f - 3*l + 75. What are the prime factors of f?
2, 5
Suppose -2*b = -0*b - 462. What are the prime factors of b?
3, 7, 11
Suppose 0 = -3*t - 9. Let c be t/(-4) - (-452)/16. Let w = c + -18. List the prime factors of w.
11
Let a(v) = -9. Let t(u) = u - 10. Let q(b) = 5*a(b) - 4*t(b). What are the prime factors of q(-4)?
11
Let y(q) = q**3 + 6*q**2 + 5*q + 4. Let z be y(-5). Let d(x) = -z + 1 + 1 - x. List the prime factors of d(-4).
2
Let r = -7 + 7. Let h = 2 + r. Suppose 0 = -h*n - n + 12. List the prime factors of n.
2
Suppose -2*x = -64 - 28. What are the prime factors of x?
2, 23
Let s(t) = -t**3 + 3*t**2 - t. Let i be s(3). Let n(w) = -w**3 - 2*w**2 - w + 2. What are the prime factors of n(i)?
2, 7
Suppose 0 = -4*o - 5*s - 117, -s = -3 + 4. What are the prime factors of (-6)/9 + o/(-6)?
2
Suppose 2*t + 1 = 3*d - 3, 0 = 4*d - 5*t - 3. Suppose -3*q - 23 = -d*g, -3*g + 1 = 4*q + 9. Suppose -13 = -g*n - 1. What are the prime factors of n?
3
Let w = -1983 + 5833. Suppose 0 = -2*z + z + 4*s + 758, 5*z - w = 5*s. List the prime factors of z/63 - 4/14.
2, 3
Suppose -2*t + 2 = 2*s, 2*t + 3*s - 5 = -2*s. Suppose 21 = 5*q - 3*n, 2*n + t*n + 12 = 3*q. What are the prime factors of q?
2, 3
Suppose 3*t = 7 - 1. Let p = 4 + t. List the prime factors of 2/(p/(-3)) + 19.
2, 3
Suppose 4*g + 4*f - 48 = 0, -6*f + 2*f + 18 = g. Suppose 3 = -q + g. Let a = q - 3. What are the prime factors of a?
2
Let s(z) = -10*z - 4. What are the prime factors of s(-12)?
2, 29
Suppose -i = -2*y + 3, -y + 3*y - 5*i + 1 = 0. Suppose -k + y = -15. What are the prime factors of k?
17
Suppose 0 = 2*k - 27 + 7. Let q = k - 3. List the prime factors of q.
7
Let q(v) = 5*v + 2 + v**2 - 2 + 4. Let z be q(-3). Let w = z + 15. List the prime factors of w.
13
What are the prime factors of (144/(-40))/(1/(-5))?
2, 3
What are the prime factors of (333/(-6) - -4)/((-3)/6)?
103
Suppose 0 = -2*a + 7*a - 40. Let u(w) = w**3 - 9*w**2 + 11*w - 4. What are the prime factors of u(a)?
2, 5
Let x = -86 - -182. List the prime factors of x.
2, 3
Let k(q) = 2*q - 14*q**3 - 2*q**2 + 6*q**3 + 0*q. List the prime factors of k(-2).
2, 13
Suppose k - 4*r - 299 = 0, k - 279 = -0*k - r. What are the prime factors of k?
283
Suppose 3*s = 10 + 5. Suppose 0 = s*k - 281 + 66. List the prime factors of k.
43
Let t(g) = 4*g**2 + 6*g + 5. What are the prime factors of t(-4)?
3, 5
Let c be 6/(-4)*(1 + 1). Suppose -2*d + 7*d - 35 = 0. Let j = c + d. List the prime factors of j.
2
Let l be 51/((-14)/20 - -1). Let o be (-4)/(-18) - l/(-45). What are the prime factors of 18*3/(2 + o)?
3
Suppose 10 = 4*p - 6. Suppose 4*c = 4, p*j - 146 = -2*c + 4*c. List the prime factors of j.
37
Suppose -2*n - 3*n + 4*z + 707 = 0, -290 = -2*n - 2*z. What are the prime factors of n?
11, 13
Suppose -4*n + 11 + 5 = 0. Suppose 4*d = -5*v + 36, -n*v + 3*d + 2*d - 4 = 0. Suppose 3*x + b = 16, -b = v*x + 4*b - 25. List the prime factors of x.
5
Suppose -2*z + 6*x = 5*x - 463, 3*z = x + 697. Suppose 0 = -5*j - 49 + z. List the prime factors of j.
37
Suppose -3*u + 6 = 0, -l - u = -2*u - 52. Let t(h) = -h + 11. Let y be t(8). Suppose y*v + 0*v = 2*d + 49, 3*v - l = 3*d. What are the prime factors of v?
13
Suppose v - 10 = 14. List the prime factors of v.
2, 3
Let i(j) = 4 + 2*j + 5 - 3. Let t be i(-4). List the prime factors of (-3)/1*(-3 - t).
3
Let o(b) = 7*b**2 + b. Let r be o(1). Suppose -r = 2*z - 22. What are the prime factors of z?
7
Let x be (-39)/(-12) + (-1)/4. Suppose 2*f = -d + 6, 3*f + 1 = x*d - 62. What are the prime factors of d?
2
Let p(x) = -x**3 + 13*x**2 - 16*x + 3. What are the prime factors of p(11)?
3, 23
List the prime factors of (-2)/(12/489)*-2.
163
Let w = -29 + 40. List the prime factors of w.
11
Let a(t) = -t**2 - 24*t + 27. What are the prime factors of a(-11)?
2, 5, 17
Let y(p) be the first derivative of -p**4/4 + 7*p**3/3 - 3*p**2/2 - 9*p - 7. List the prime factors of y(5).
2, 13
Suppose 2*v = -2 + 8. Suppose 3*q + v = 9. Suppose -4*w = -2*w + 2*y + q, 2*w - 18 = 2*y. What are the prime factors of w?
2
Suppose -3*i + 3*s - 27 = 0, 3 = 5*i - 2*s + 42. Let d = i - -36. What are the prime factors of d?
29
List the prime factors of 257/5 + (-9)/(-15).
2, 13
Suppose 9 - 24 = -5*u. What are the prime factors of u?
3
Suppose -852 = -5*w - 162. What are the prime factors of w?
2, 3, 23
Let w(o) = -o**3 - 7*o**2 + 6*o + 3. Let z be (1 + -1 - 1) + 3. Suppose b - z*f + 18 = -0*b, -57 = 4*b - 5*f. What are the prime factors of w(b)?
19
Let u = 10 + -8. Suppose -45 + 5 = -u*y. What are the prime factors of y?
2, 5
Let p(h) = -h**3 + 5*h**2 - h. Let v be p(2). Let s(t) = 5*t - 5. Let o be s(5). Suppose 5*y - o = v. What are the prime factors of y?
2, 3
Suppose j - 18 = 88. List the prime factors of j.
2, 53
Let t be (-10)/3*36/(-30). Suppose -2*n + 4*n + 154 = 5*s, t*s - 113 = 5*n. List the prime factors of s.
2
Let y be 22/6 - 1/(-3). Let b = 2 + y. Suppose 0 = -4*c + 3*c + b. List the prime factors of c.
2, 3
Suppose 4*f + 5 = 109. List the prime factors of f.
2, 13
Let x be 3 + 1 + -1 + -1. Suppose 0 = -x*o + 3*l + 7 + 2, 5*o - 42 = l. Suppose o + 1 = q. List the prime factors of q.
2, 5
Let r(j) = -j**2 - 2*j + 5. Let z be r(8). What are the prime factors of (-2)/(-15) - 2015/z?
3
Let x be 30/7 - 8/28. Suppose 0 = 3*n - 3*y - 12, -5*n - y = 2*y - x. Suppose -4*f + 8 = -n*f. What are the prime factors of f?
2
Let c(r) = -2*r**3 - 2*r**2 - 2*r - 1. Suppose 3*b - 4*l - 9 = 0, -6*l + l = 3*b + 18. Let a be c(b). Suppose -2*t - a + 5 = 0. List the prime factors of t.
2
Suppose -110 = -4*m - w, -m - 2*w - 8 = -32. List the prime factors of m.
2, 7
Let d(r) = -9*r**2 - 6*r - 1. Let c be d(5). What are the prime factors of 9/2*c/(-24)?
2, 3
Suppose -2*z = z - 3. Suppose 0 = 5*r + z - 6. List the prime factors of (3 - r)/((-1)/(-3)).
2, 3
Let f be (-8)/(-4) + -4 + 4. Suppose 5*x = f*y - 59, -4*y = x - 17 - 68. What are the prime factors of y?
2, 11
Suppose 0 = 2*a + 5*c - 4*c - 247, -a = 2*c - 119. What are the prime factors of a?
5
Let z(b) = -2*b + 3. Let v(l) = -l**2 + 8*l + 2. Let o be v(8). Let r be z(o). What are the prime factors of -1*(0 - r)*-9?
3
Let m = 21 + 14. List the prime factors of m.
5, 7
Let o(r) = -6*r**2 - 3*r - 6 - 2*r - r**3 + 2*r. Let d(v) = -v**3 - 6*v**2 + v. Let u be d(-6). List the prime factors of o(u).
2, 3
Suppose 3*a = 5*q + 285, -3*a - 5*q + 133 = -152. List the prime factors of a